t is 15 + -6?
b
In base 4, what is -21 + 231?
210
In base 7, what is 5 + -204?
-166
In base 6, what is -2 + 1021?
1015
In base 9, what is 1 - 4?
-3
In base 9, what is 11082 + -4?
11077
In base 11, what is 10 - -4?
14
In base 12, what is -21 - -3?
-1a
In base 7, what is -230 + -131?
-361
In base 14, what is 1 + -1429?
-1428
In base 4, what is -11 - -221?
210
In base 8, what is 12053 + 2?
12055
In base 9, what is 4 + 520?
524
In base 5, what is -222 + 13?
-204
In base 6, what is -2141 - 1?
-2142
In base 12, what is -75 - -1?
-74
In base 8, what is 60 - 260?
-200
In base 14, what is -48c + -5?
-493
In base 14, what is -213 + -18?
-22b
In base 9, what is -804 + -20?
-824
In base 6, what is -4 + -14?
-22
In base 11, what is -10a + -73?
-182
In base 5, what is 0 - -242?
242
In base 11, what is 4 + -182?
-179
In base 7, what is -16 - -34?
15
In base 8, what is 4 - 53?
-47
In base 15, what is -4b + 1d0?
184
In base 6, what is -104 - 0?
-104
In base 7, what is 2 - 304?
-302
In base 10, what is 6121 + 2?
6123
In base 8, what is -5516 + 0?
-5516
In base 3, what is -10 - -11202121?
11202111
In base 3, what is 22 + 110?
202
In base 16, what is -18 + 3?
-15
In base 11, what is 837 + 2?
839
In base 14, what is -2 - 1c0c?
-1c10
In base 13, what is b + -10?
-2
In base 10, what is -17 - 548?
-565
In base 14, what is 5 + -146?
-141
In base 15, what is -17a1 - -2?
-179e
In base 14, what is -4b4 + -2?
-4b6
In base 3, what is 102 - 1021?
-212
In base 16, what is -4271 - 0?
-4271
In base 12, what is 0 + -52?
-52
In base 8, what is -20 + -2?
-22
In base 6, what is 1514 - 5?
1505
In base 9, what is 1 + -2038?
-2037
In base 16, what is -59 + -84?
-dd
In base 5, what is 10 + -3114?
-3104
In base 5, what is -10 + 3433?
3423
In base 7, what is 10 - -4620?
4630
In base 15, what is -16 - 6?
-1c
In base 16, what is -13 - -1b?
8
In base 6, what is 3 + 5220?
5223
In base 3, what is -1001 + 12100?
11022
In base 13, what is -19 - -c5?
a9
In base 3, what is -10 - 1022?
-1102
In base 6, what is 3043 + 1?
3044
In base 12, what is 16 + 83?
99
In base 6, what is -143 + 215?
32
In base 8, what is -17703 - 2?
-17705
In base 15, what is 9 - 0?
9
In base 2, what is 11101111 - 11?
11101100
In base 11, what is -23 + 74?
51
In base 3, what is -12 - 20220212?
-20221001
In base 16, what is -2c3 + 6?
-2bd
In base 12, what is -31 + 4?
-29
In base 7, what is 16614 - -4?
16621
In base 16, what is 7 + -2?
5
In base 2, what is -1111 + -1101?
-11100
In base 16, what is 5 + 77c?
781
In base 7, what is -5 + -4054?
-4062
In base 3, what is 0 + -10112?
-10112
In base 14, what is -18 - 205?
-21d
In base 6, what is -2 + 10043?
10041
In base 2, what is -111111011 + -1001?
-1000000100
In base 10, what is -9 - 9?
-18
In base 14, what is 37 - b?
2a
In base 11, what is -5 + 14?
a
In base 3, what is -10221 + 201?
-10020
In base 6, what is 0 - -25?
25
In base 3, what is 10 - -212212?
212222
In base 8, what is -753 - 4?
-757
In base 10, what is -34 - 38?
-72
In base 6, what is 0 + -1450?
-1450
In base 3, what is -1111 + 2?
-1102
In base 7, what is 135 - 4?
131
In base 8, what is 133 - 52?
61
In base 10, what is -1 - -2524?
2523
In base 10, what is -68 + 3?
-65
In base 16, what is -9f + 8?
-97
In base 2, what is -1001 + 0?
-1001
In base 8, what is -5 + 5377?
5372
In base 5, what is -3 - -1000?
442
In base 16, what is 98 - -2?
9a
In base 13, what is 50 + 14?
64
In base 3, what is 11 + -1210?
-1122
In base 15, what is -ba + -6?
-c1
In base 10, what is 2 - -770?
772
In base 12, what is 12b - -16?
145
In base 5, what is -2 - -11?
4
In base 13, what is 50 + -1?
4c
In base 11, what is a + 41?
50
In base 4, what is -132 + 231?
33
In base 9, what is -44 + 20?
-24
In base 9, what is -2656 + 0?
-2656
In base 6, what is -450 - 324?
-1214
In base 3, what is 202121 + 2?
202200
In base 9, what is 2 - -1548?
1551
In base 13, what is 2a2 + 3?
2a5
In base 5, what is 4 + 1040?
1044
In base 8, what is 1126 + -4?
1122
In base 2, what is -101 - 1110111000?
-1110111101
In base 4, what is -1 - 10202?
-10203
In base 9, what is 3 + 304?
307
In base 14, what is 3 + 24?
27
In base 15, what is -5 + -e6c?
-e72
In base 6, what is -2 - 1520?
-1522
In base 16, what is -9 - 392?
-39b
In base 7, what is 1 + -420?
-416
In base 3, what is -102 - 22000?
-22102
In base 16, what is -4 + bc?
b8
In base 6, what is 2 + -244?
-242
In base 10, what is 25 + 55?
80
In base 14, what is -4 - 5d?
-63
In base 6, what is -4 + 540?
532
In base 13, what is 50 - -1?
51
In base 14, what is -34d + -2?
-351
In base 9, what is -2 - -121?
118
In base 5, what is -1 - -142?
141
In base 6, what is 0 + 24?
24
In base 15, what is 473 + 12?
485
In base 12, what is -4 - 9?
-11
In base 6, what is -110 - 1?
-111
In base 14, what is -4 + -42?
-46
In base 13, what is 3b4b - -1?
3b4c
In base 5, what is -2040 + -4?
-2044
In base 16, what is 1 + -d?
-c
In base 9, what is 152 - 4?
147
In base 9, what is -18 + 1007?
878
In base 2, what is -11010 - -1?
-11001
In base 7, what is 24 + 36?
63
In base 2, what is 11111110 + -101?
11111001
In base 9, what is -2120 - 5?
-2125
In base 9, what is -3366 + 4?
-3362
In base 5, what is -24 - -314?
240
In base 9, what is -8 - -54?
45
In base 9, what is -161 + 0?
-161
In base 9, what is -45 - -1?
-44
In base 2, what is -11000 + 1010?
-1110
In base 4, what is -3 + -211312?
-211321
In base 4, what is -221 + 1122?
301
In base 4, what is -3 + 111?
102
In base 12, what is -18a - -1?
-189
In base 3, what is 0 + 122201?
122201
In base 14, what is d - -51?
60
In base 10, what is -8 + 194?
186
In base 2, what is 1011111001 - -10?
1011111011
In base 7, what is -1 + -3533?
-3534
In base 15, what is 656 + -3?
653
In base 6, what is 3053 + -2?
3051
In base 6, what is -5 + 2124?
2115
In base 4, what is 1 - -2133?
2200
In base 8, what is -3 + -111?
-114
In base 7, what is 6 - 45?
-36
In base 9, what is 1160 - 0?
1160
In base 12, what is -3 + -1299?
-12a0
In base 6, what is 13 - 13?
0
In base 9, what is -7 - 1785?
-1803
In base 12, what is 1 + -bb0?
-bab
In base 8, what is -11 + 10?
-1
In base 15, what is -4c + 4?
-48
In base 2, what is 111 - 11111?
-11000
In base 13, what is 18 - 6?
12
In base 8, what is 44 - -13?
57
In base 4, what is 11 - 20122?
-20111
In base 4, what is 12211 + 20?
12231
In base 3, what is 2 - -2112222?
2120001
In base 5, what is 2 - 2?
0
In base 15, what is -4 - -83?
7e
In base 8, what is -21 - 13?
-34
In base 9, what is -3663 + -1?
-3664
In base 8, what is 3 - 231?
-226
In base 11, what is -4a + -43?
-92
In base 7, what is -31 - 26?
-60
In base 13, what is 3 - 32?
-2c
In base 15, what is 5c + -4?
58
In base 13, what is -181 - -5?
-179
In base 15, what is 5 + -59?
-54
In base 3, what is 22122 - -2?
22201
In base 4, what is -2 - -1301?
1233
In base 9, what is -1 - -101?
100
In base 2, what is 110110100010 - 100?
110110011110
In base 4, what is -112201 + -3?
-112210
In base 12, what is -15 - 13?
-28
In base 3, what is 102021 + 2?
102100
In base 12, what is -357 - -4?
-353
In base 13, what is 1 - -2a9c?
2aa0
In base 13, what is -38 + 4?
-34
In base 3, what is 12 + 20201?
20220
In base 4, what is 10133 - -2?
10201
In base 9, what is -7 - -146?
138
In base 16, what is 0 - 19f?
-19f
In base 12, what is ab9 + 5?
b02
In base 4, what is -21 + -23?
-110
In base 7, what is -130 + -3?
-133
In base 14, what is -4037 + -2?
-4039
In base 3, what is -1120110 + -10?
-1120120
In base 14, what is -10c4 - 7?
-10cb
In base 8, what is -354 + -4?
-360
In base 13, what is 19 + -43?
-27
In base 9, what is 10 - 22?
-12
In base 6, what is 103 - 40?
23
In base 14, what is dd6 + 2?
dd8
In base 6, what is 3540 + 1?
3541
In base 5, what is -2 - -334?
332
In base 2, what is 1101 + -1?
1100
In base 4, what is -2322 - 23?
-3011
In base 9, what is -288 + -3?
-302
In base 12, what is 294 + 13?
2a7
In base 14, what is 864 + -3?
861
In base 6, what is 213 + -100?
113
In base 10, what is 76 + -13?
63
In base 14, what is -92d + -2?
-931
In base 14, what is b2 - 2?
b0
In base 13, what is 96 - -1?
97
In base 9, what is -410 + 2?
-407
In base 4, what is -11 - -11333?
11322
In base 6, what is -214 + 141?
-33
In base 16, what is 1ef + -4?
1eb
In base 3, what is -201 - 11110?
-12011
In base 5, what is -4 + 23?
14
In base 8, what is 50 + -202?
-132
In base 3, what is -222 + -12?
-1011
In 